 remainder when (146/(-5))/((-2)/10) is divided by l(-28).
20
Suppose 29 = 5*d - 146. What is the remainder when 734 is divided by d?
34
Let d = 11 + -13. Let s = d - -7. Suppose 0 = c + u - 12, c - 3*u = -c + 24. Calculate the remainder when c is divided by s.
2
Let d = 228 + -203. What is the remainder when 93 is divided by d?
18
Let t(j) = 11*j**2 + 2*j + 2. Let s(h) = -2*h + 5. Let v be s(3). Calculate the remainder when 29 is divided by t(v).
7
Suppose -a + 1 = -i, a = -0*a + 2*i + 6. Suppose 113*v = 122*v - 18. What is the remainder when a*(-244)/32*v is divided by 16?
13
Let l = 82 + -57. Let i(t) = 22*t - 78. Calculate the remainder when l is divided by i(4).
5
Suppose -5*u - 5*f = -10, f - 7 = 4*u - 0*f. Let h be 6*(u - 9/(-6)). Suppose -h*k + 27 = -6. Calculate the remainder when 32 is divided by k.
10
Let x(r) = 17*r**3 + 2*r**2 - 1. Let q be x(-1). Let k be 2 + (4 - 1) + q. Let m = k - -27. Calculate the remainder when m is divided by 9.
7
Suppose -4*x + 13*x = 9. Suppose 5*i + x = 51. Calculate the remainder when i is divided by (-6)/(-1) - (2 - 2).
4
Suppose 9*j - 1184 = 5*j. Let m be -10*(j/(-20) - 2). Suppose 5*y - m = y. Calculate the remainder when y is divided by 15.
12
Let v = 61 - 35. Suppose 25*d + 26 = v*d. What is the remainder when d is divided by 7?
5
What is the remainder when 262 is divided by ((-106)/265)/((-333)/165 - -2)?
20
Suppose 245 = 3*i - s - 237, 0 = -i + 4*s + 146. Calculate the remainder when i is divided by 34.
26
Let n(m) = 17*m + 2. Let d be n(11). Let k = d - 42. Suppose -5*g + 2*a + k = -a, a - 104 = -4*g. Calculate the remainder when g is divided by 15.
12
Let v = 1 + -1. Suppose 34 = i + i - w, 5*i + w - 71 = v. What is the remainder when 41 is divided by i?
11
Suppose 0 = 4*m - 99 + 43. Suppose i + 168 = 4*c, -5*c + 3*i + 285 = 68. Calculate the remainder when c is divided by m.
13
Let a(x) = x. Let b(q) = -2*q**2 + 3*q + 31. Let d(l) = -4*a(l) - b(l). Calculate the remainder when d(11) is divided by 17.
15
Let a be (((-4)/6)/(16/(-1896)))/1. Let u = a + -13. Calculate the remainder when u is divided by 17.
15
Suppose -14 = -2*n + 2. Calculate the remainder when 11 is divided by (-4)/(n/6) - (-27)/3.
5
Suppose 3*g = -5*d, -167*g - 13 = 4*d - 162*g. What is the remainder when 17 is divided by d?
2
Let v be (-28)/(-8) - 3/6. Suppose -b - 2*b + 3*d + 60 = 0, v*b + 2*d = 70. What is the remainder when (-2)/5 - (-864)/10 is divided by b?
20
Let a(v) = -3*v**2 + 3*v + 6. Let f(r) = r**2 - r. Let y(u) = -a(u) - 2*f(u). Calculate the remainder when 104 is divided by y(7).
32
Suppose 5*j = 3*k - 6264, -2*k - k = j - 6264. Suppose 2*m = 7*m - 20. Calculate the remainder when k/56 + m/(-14) is divided by 8.
5
Let o(w) = w + 11. Suppose 2*s - 98 = 26. Calculate the remainder when s is divided by o(10).
20
Let q(f) = 11*f**2 - 18*f**3 - 11*f**3 + 28*f**3 + 15*f + 2 + 5. Suppose -3*k = 4*t - 32, 0 = 3*t - 0 + 3. Calculate the remainder when q(k) is divided by 11.
10
Let r be ((-2)/(-4))/((-1)/4) - 32. Suppose 0 = -3*i + 9. What is the remainder when i is divided by 153/r*(-4)/6?
0
Suppose 8*v - 13*v - 4*i = 11, 0 = 5*i + 20. What is the remainder when 23 is divided by v?
0
What is the remainder when -6 + 38 + -4 - -4 is divided by 13?
6
Suppose -4*y + 229 = s, -2*y + 7*s = 2*s - 87. Calculate the remainder when y is divided by 21.
14
Let p be 338/39 - 2/(-6). Suppose -80 = -p*a + 4*a. Suppose -l = 5, -3*l = -2*b + a + 11. Calculate the remainder when 10 is divided by b.
4
Suppose -5*d - 4*r + 2*r = 6, 0 = -5*d + 4*r + 12. Let h(g) = g**3 + 28*g**2 + 27*g + 57. What is the remainder when h(-27) is divided by 14 - (d - -1) - 1?
9
Suppose -409 = -14*d + 515. What is the remainder when d is divided by 26?
14
Let b(k) = 21*k + 1. Let z = 23207 + -23187. What is the remainder when b(3) is divided by z?
4
Suppose 0 = -3*b - 18 + 6. Let n(f) = -f**3 - 2*f**2 + 4*f - 6. What is the remainder when 19 is divided by n(b)?
9
Let g = 8 - 2. Suppose -5*m + 8*a + 80 = 13*a, -2*a = -3*m + 23. Calculate the remainder when m is divided by g.
5
Suppose 3*y = 8*y + 4*i + 2, -i = 2*y - 1. Let m = -46 - y. What is the remainder when (m/(-28))/((-2)/(-77)) is divided by 23?
20
Suppose 5*l = 2*l + j + 396, -2*j + 660 = 5*l. What is the remainder when l is divided by 72?
60
Suppose 4*m - 74 = 4*g + 90, -2*m + 5*g = -73. What is the remainder when m is divided by 26?
18
Let h(z) = -66*z - 120. What is the remainder when 117 is divided by h(-2)?
9
Suppose b - 11 = 19. Let x(f) = 23*f - 25. Let p be x(-9). What is the remainder when (p/10)/((-10)/25) is divided by b?
28
Let p = -323 + 938. Let z be -4 - p/6*-2. Let s = 282 - z. Calculate the remainder when s is divided by 14.
11
Let v = 177 + -167. What is the remainder when 57 is divided by v?
7
Let f = -1695 + 1708. What is the remainder when 23 is divided by f?
10
Suppose -j = 4*k - 12, 3*k + 0*k = j - 5. Let x = 153 - 84. Suppose -3*p - x = -6*p. Calculate the remainder when p is divided by j.
7
Suppose -2*o = 2*o - 60. Suppose -7*y + 4*y = -o. Suppose 19 = 2*s + y*h - 0, -2*s - 4*h = -18. Calculate the remainder when 47 is divided by s.
5
Let r be 1/3 + 56/12. Suppose 2*c = -2*o + o - 16, -r*o + 4 = -2*c. Let q(d) = -d + 6. What is the remainder when 23 is divided by q(c)?
10
Suppose 4*a + 7*o - 12*o = 45, -66 = -5*a + 3*o. Calculate the remainder when 446 is divided by a.
11
Suppose 24*j - 29*j - a = -10, 5*j - 3*a - 30 = 0. Calculate the remainder when 289 is divided by j.
1
Let y(r) = r**3 + 14*r**2 - 52*r - 477. Calculate the remainder when y(-11) is divided by 27.
26
Let y(m) = -m**3 - 21*m**2 - 24*m - 17. Calculate the remainder when y(-20) is divided by 23.
17
Suppose -5*r + 3*r - 2*d = -74, 0 = -4*r + 3*d + 127. Let g = -74 + 94. Let z(s) = s**3 - 20*s**2 + 9*s - 46. Calculate the remainder when z(g) is divided by r.
32
Let o(l) = -l**2 - 9*l - 9. Let m be o(-7). Suppose 2*w + 3*s = 11, -m*w + 10 = 2*s - 12. Let u = 2 + w. Calculate the remainder when 17 is divided by u.
5
Let p(t) = 7*t + 1. Suppose 0 = 3*w + 2*w + j - 119, -w = -2*j - 15. Calculate the remainder when p(6) is divided by w.
20
Let c be (-3 + (-14)/(-4))/((-2)/(-236)). Let b = -54 + c. What is the remainder when b is divided by 3?
2
Suppose -66*s = -68*s + 54. Calculate the remainder when 70 is divided by s.
16
Let i(q) = 5*q - 22. Let s be i(12). Suppose -g + s = 3. What is the remainder when 67 is divided by g?
32
Suppose -4*r = 4*i - 212, -8*i + 3*i - 92 = -2*r. Suppose 0 = -4*j + j + r. What is the remainder when j is divided by 3?
2
Let r = 25 + -23. Suppose -r*m = -9*m + 126. Calculate the remainder when m is divided by 5.
3
Suppose 0 = -4*n, -2*w + 5*n + 1491 - 319 = 0. What is the remainder when w is divided by 28?
26
Let z(r) = -2*r - 3. Let b be z(-6). Suppose 2*v - 7*v + 142 = -i, b = 3*i. Suppose 0 = -p + 2*p - 15. Calculate the remainder when v is divided by p.
14
Let c be (2*1)/((-36)/90). What is the remainder when 2/(-11) + (-184)/(-44) is divided by 2/(-3) + c/((-30)/28)?
0
Let f(r) = -3*r**3 - 4*r**2 - 2*r + 2. Let j(p) = p**2 - 131*p + 1936. What is the remainder when j(115) is divided by f(-2)?
12
Suppose 16*j = 2*g + 18*j - 30, 3*j = 3*g - 27. Let b(h) = 9*h - 3. What is the remainder when b(4) is divided by g?
9
Let b = -6004 - -6115. Calculate the remainder when b is divided by ((-4)/10)/((-2)/40).
7
Suppose 3*m - 3*s = -6 - 6, 4*m + 12 = 2*s. Let r = 9 + -20. Calculate the remainder when -3 - (r + m) - -3 is divided by 8.
5
Suppose -6 = 95*w - 96*w. Calculate the remainder when (-17)/(-2) - (-2)/(-4) is divided by w.
2
Let d be (5 + -3 - (-3)/(-2))*0. Suppose 0 = -2*y + m + 17, 3*y - 5*m + 7*m - 43 = d. What is the remainder when 40 is divided by y?
7
Let b(s) = -4*s - 10. Let f(y) = -y - 1. Let i(k) = -b(k) + 3*f(k). Calculate the remainder when 6 is divided by i(-4).
0
Suppose 10*s - 3817 = 3353. What is the remainder when s is divided by 16?
13
Let v(d) = -53*d + 166. What is the remainder when v(1) is divided by 6?
5
Suppose -2*t + 11 = -11. What is the remainder when 42 is divided by t?
9
Let v(f) = 131*f + 473. Suppose 2*x = -2*x + 84. Calculate the remainder when v(-3) is divided by x.
17
Let k(t) = 117*t**3 - 2*t**2 + 4*t - 3. What is the remainder when k(1) is divided by 6